ultiple of 13?
False
Does 100 divide 4180?
False
Is 131 a factor of 45105?
False
Does 4 divide 2095?
False
Is 4 a factor of 4965?
False
Does 159 divide 3257?
False
Is 18 a factor of 119?
False
Is 24 a factor of 168?
True
Is 108 a factor of 5940?
True
Is 68 a factor of 1904?
True
Is 12 a factor of 17016?
True
Does 110 divide 2970?
True
Is 16 a factor of 66?
False
Does 84 divide 3864?
True
Does 66 divide 3564?
True
Is 2391 a multiple of 10?
False
Is 26 a factor of 36103?
False
Does 61 divide 1525?
True
Does 13 divide 85509?
False
Is 4 a factor of 1304?
True
Does 68 divide 120010?
False
Does 24 divide 1415?
False
Does 26 divide 1196?
True
Is 112 a factor of 23072?
True
Does 16 divide 64?
True
Is 3233 a multiple of 9?
False
Is 40 a factor of 608?
False
Does 35 divide 420?
True
Is 11 a factor of 2112?
True
Does 17 divide 748?
True
Is 960 a multiple of 5?
True
Is 82898 a multiple of 220?
False
Is 14 a factor of 272?
False
Is 9 a factor of 1920?
False
Does 14 divide 26332?
False
Is 4 a factor of 347?
False
Is 14 a factor of 90?
False
Does 35 divide 58057?
False
Does 95 divide 44601?
False
Is 243 a multiple of 27?
True
Is 4050 a multiple of 9?
True
Is 30077 a multiple of 45?
False
Is 4400 a multiple of 100?
True
Is 13 a factor of 117?
True
Is 3 a factor of 669?
True
Is 34 a multiple of 34?
True
Is 96 a factor of 2112?
True
Is 6 a factor of 2320?
False
Is 27 a factor of 8477?
False
Does 11 divide 41514?
True
Does 12 divide 48240?
True
Is 9 a factor of 414?
True
Does 5 divide 46?
False
Is 2706 a multiple of 82?
True
Is 60 a multiple of 5?
True
Is 4648 a multiple of 83?
True
Is 28 a factor of 728?
True
Is 99 a factor of 6900?
False
Is 60 a factor of 7800?
True
Is 53 a factor of 44144?
False
Is 13 a factor of 75257?
True
Is 106 a multiple of 11?
False
Is 9 a factor of 864?
True
Is 7284 a multiple of 4?
True
Is 467 even?
False
Does 13 divide 6292?
True
Is 7 a factor of 581?
True
Does 6 divide 162?
True
Is 22 a factor of 1555?
False
Is 21 a factor of 121800?
True
Does 51 divide 3076?
False
Is 15 a factor of 12197?
False
Is 2621 a multiple of 25?
False
Is 14160 a multiple of 24?
True
Is 58173 a multiple of 222?
False
Does 32 divide 8448?
True
Is 18224 a multiple of 22?
False
Is 4953 a multiple of 13?
True
Is 76 a multiple of 19?
True
Does 312 divide 47689?
False
Does 36 divide 525?
False
Is 7765 a multiple of 31?
False
Is 33 a factor of 1433?
False
Is 5436 a multiple of 6?
True
Does 36 divide 576?
True
Does 16 divide 580?
False
Does 25 divide 188?
False
Is 2 a factor of 442?
True
Is 89 a factor of 47841?
False
Is 3114 a multiple of 2?
True
Is 1571 a multiple of 75?
False
Is 2 a factor of 332?
True
Does 17 divide 56?
False
Is 5220 a multiple of 9?
True
Is 9 a factor of 769?
False
Is 20 a factor of 348?
False
Is 12349 a multiple of 11?
False
Is 6056 a multiple of 25?
False
Is 61 a factor of 4331?
True
Does 211 divide 16458?
True
Does 17 divide 17085?
True
Is 500 a multiple of 25?
True
Does 15 divide 10134?
False
Is 4560 a multiple of 31?
False
Is 1640 a multiple of 10?
True
Does 8 divide 272?
True
Does 29 divide 783?
True
Does 88 divide 55467?
False
Is 6504 a multiple of 6?
True
Is 2292 a multiple of 12?
True
Does 31 divide 6169?
True
Does 16 divide 2384?
True
Is 11 a factor of 484?
True
Is 12 a factor of 7234?
False
Is 51 a factor of 10149?
True
Is 5901 a multiple of 21?
True
Does 20 divide 320?
True
Is 45292 a multiple of 16?
False
Is 62 a factor of 234?
False
Does 21 divide 1484?
False
Is 15 a factor of 1275?
True
Does 17 divide 13933?
False
Is 10 a factor of 290?
True
Is 18 a multiple of 7?
False
Is 10107 a multiple of 145?
False
Is 40 a factor of 160?
True
Does 52 divide 16640?
True
Is 739 a multiple of 42?
False
Does 12 divide 21564?
True
Is 11 a factor of 133216?
False
Does 34 divide 10245?
False
Does 4 divide 296?
True
Is 4075 a multiple of 132?
False
Is 6062 a multiple of 41?
False
Is 279 a multiple of 31?
True
Is 80 a factor of 2095?
False
Does 7 divide 15701?
True
Does 31 divide 43121?
True
Is 652 a multiple of 38?
False
Is 702 a multiple of 26?
True
Does 31 divide 279?
True
Is 384 a multiple of 16?
True
Is 792 a multiple of 55?
False
Is 14650 a multiple of 10?
True
Is 10 a factor of 43098?
False
Does 35 divide 2168?
False
Does 12 divide 294?
False
Is 423 a multiple of 27?
False
Is 22 a factor of 536?
False
Does 4 divide 220?
True
Does 2 divide 1012?
True
Does 49 divide 917?
False
Is 290 a multiple of 4?
False
Does 49 divide 10799?
False
Is 19 a factor of 4321?
False
Does 231 divide 44121?
True
Is 11 a factor of 759?
True
Does 7 divide 529?
False
Does 49 divide 29011?
False
Is 65025 a multiple of 17?
True
Is 6860 a multiple of 126?
False
Is 1106 a multiple of 20?
False
Is 45724 a multiple of 14?
True
Is 108507 a multiple of 50?
False
Is 173 a factor of 40309?
True
Is 5 a factor of 15630?
True
Is 16 a factor of 1152?
True
Does 15 divide 138900?
True
Does 4 divide 80?
True
Is 1025 a multiple of 5?
True
Is 46 a factor of 1257?
False
Is 668 a multiple of 25?
False
Is 871 a multiple of 15?
False
Is 3090 a multiple of 5?
True
Is 4160 a multiple of 65?
True
Does 18 divide 450?
True
Does 118 divide 1534?
True
Is 5097 a multiple of 45?
False
Does 96 divide 69861?
False
Is 99 a factor of 107712?
True
Is 35800 a multiple of 100?
True
Is 2571 a multiple of 32?
False
Is 3 a factor of 3876?
True
Does 40 divide 29200?
True
Is 226 a factor of 44855?
False
Does 24 divide 17136?
True
Is 321 a multiple of 6?
False
Is 19872 a multiple of 27?
True
Is 2970 a multiple of 15?
True
Is 891 a multiple of 33?
True
Is 10 a factor of 819?
False
Is 1235 a multiple of 5?
True
Is 32 a factor of 4093?
False
Is 105467 a multiple of 97?
False
Is 64 a factor of 50496?
True
Does 15 divide 2259?
False
Does 25 divide 6895?
False
Does 115 divide 17782?
False
Does 187 divide 9350?
True
Does 277 divide 12909?
False
Is 342 a factor of 16351?
False
Is 35 a factor of 4194?
False
Is 148 a factor of 44548?
True
Does 87 divide 18215?
False
Does 3 divide 299?
False
Does 9 divide 41175?
True
Is 70 a factor of 10106?
False
Is 2857 a multiple of 15?
False
Does 25 divide 13534?
False
Is 1345 a multiple of 6?
False
Is 81 a factor of 2928?
False
Does 99 divide 4001?
False
Is 6 a factor of 1962?
True
Is 16482 a multiple of 15?
False
Is 13 a factor of 94458?
True
Is 54503 a multiple of 20?
False
Is 15 a factor of 945?
True
Does 32 divide 1686?
False
Is 854 a multiple of 7?
True
Is 126 a factor of 16531?
False
Is 88 a factor of 4312?
True
Is 7944 even?
True
Is 612 a multiple of 36?
True
Is 498 a multiple of 21?
False
Does 28 divide 1278?
False
Does 12 divide 9680?
False
Is 15335 a multiple of 3?
False
Is 42 a factor of 1680?
True
Is 24 a factor of 3051?
False
Is 36 a factor of 720?
True
Is 641 a multiple of 2?
False
Is 32848 a multiple of 16?
True
Does 17 divide 17901?
True
Does 182 divide 8554?
True
Does 17 divide 3162?
True
Does 16 divide 63?
False
Is 18 a factor of 6192?
True
Is 4453 a multiple of 73?
True
Is 99 a factor of 1089?
True
Is 10 a factor of 3613?
False
Is 1591 a multiple of 37?
True
Is 45 a factor of 1325?
False
Is 8488 a multiple of 10?
False
Is 1107 a multiple of 41?
True
Does 37 divide 52?
False
Does 12 divide 3120?
True
Is 49 a factor of 6535?
False
Is 92 a multiple of 46?
True
Is 15 a factor of 370?
False
Does 71 divide 42529?
True
Does 62 divide 558?
True
Does 7 divide 63372?
False
Is 69 a factor of 41815?
False
Is 46 a factor of 19366?
True
Is 2 a factor of 425?
False
Does 16 divide 48?
True
Is 189 a multiple of 9?
True
Is 707 a multiple of 13?
False
Is 1061 a multiple of 29?
False
Does 31 divide 9373?
False
Is 5526 a multiple of 18?
True
Is 34 a factor of 928?
False
Is 15 a factor of 31848?
False
Is 29 a factor of 72262?
False
Does 13 divide 13221?
True
Is 3744 a multiple of 90?
False
Is 45721 a multiple of 70?
False
Does 27 divide 9711?
False
Is 1461 a multiple of 24?
False
Does 43 divide 2542?
False
Is 60 a factor of 2760?
True
Is 60 a factor of 4539?
False
Is 17 a factor of 5491?
True
Does 25 divide 450?
True
Is 70 a factor of 21770?
True
Is 6916 a multiple of 247?
True
Is 104 a multiple of 2?
True
Is 4 a factor of 447?
False
Is 648 a multiple of 12?
True
Is 1957 a multiple of 11?
False
Is 29 a factor of 327?
False
Does 31 divide 3100?
True
Does 243 divide 64358?
False
Is 42 a